(-14)?
1918
Let x(p) = 9*p**3 - 971*p**2 - 98*p - 429. What is x(108)?
651
Let p(c) = 1839*c + 14232. Calculate p(-8).
-480
Let j(u) = -u**2 - 174192*u - 1393466. Calculate j(-8).
6
Let v(j) = j**3 - 107*j**2 + 426*j - 183. Determine v(103).
1259
Let z(n) = -11301*n - 248658. Calculate z(-22).
-36
Let t(l) = 360427*l + 14417099. What is t(-40)?
19
Let l(u) = -9736*u - 652304. Give l(-67).
8
Let z(v) = 2547*v - 109386. Give z(44).
2682
Let c(p) = -1197*p + 35387. Give c(28).
1871
Let q(l) = l**3 + 36*l**2 - 54*l - 265. Give q(-37).
364
Let y(u) = -3*u**3 + 39*u**2 + 219*u + 290. What is y(-4)?
230
Let s(c) = -5*c**3 - 160*c**2 - 291*c - 132. What is s(-1)?
4
Let m(g) = 221604*g + 5096917. What is m(-23)?
25
Let h(z) = -38*z**2 + 85*z + 884. Determine h(6).
26
Let v(p) = -p**3 + 6732*p**2 - 73925*p - 53. Determine v(11).
13
Let y(s) = 69*s**2 + 2998*s + 23734. Calculate y(-33).
-59
Let b(k) = 87*k**2 + 15*k - 328. What is b(5)?
1922
Let g(y) = -5409*y + 37317. Give g(8).
-5955
Let g(l) = -l**2 + 3200*l + 53880. Determine g(-17).
-809
Let k(m) = -16960*m - 1221125. Calculate k(-72).
-5
Let t(x) = 2*x**3 - 8*x**2 + 7*x - 214. Give t(7).
129
Let b(h) = -6*h**2 + 3196*h + 9591. Determine b(-3).
-51
Let h(d) = 10*d**2 - 30*d - 715. Give h(-11).
825
Let c(g) = -5*g**2 + 52645*g - 2567606. What is c(49)?
-6
Let q(t) = -5*t**2 + 211*t + 27346. Determine q(98).
4
Let q(k) = 4*k**2 - 46*k - 1923. Determine q(-37).
5255
Let p(a) = -2*a**2 - 65*a + 8997. What is p(55)?
-628
Let q(c) = -18*c**2 - 2597*c - 28521. Calculate q(-11).
-2132
Let d(w) = 2*w**3 - 503*w**2 - 713*w - 11670. What is d(253)?
-32
Let f(w) = -3654*w - 127269. What is f(-35)?
621
Let i(h) = -2*h**3 + 26*h**2 - 142*h + 820. Give i(11).
-258
Let w(o) = -o**2 + 33122*o + 1857967. Determine w(-56).
-1
Let q(m) = -m**2 + 411*m - 41990. Calculate q(226).
-180
Let b(o) = o**2 - 26*o - 4747. What is b(80)?
-427
Let b(k) = -k**3 - 80*k**2 - 298*k - 10482. What is b(-78)?
594
Let p(d) = 434602*d - 869204. What is p(2)?
0
Let p(g) = -g**2 - 248*g + 49820. What is p(129)?
1187
Let t(j) = j**3 + j**2 + 2465*j + 20180. Give t(-8).
12
Let b(u) = -23667*u + 638688. Give b(27).
-321
Let a(g) = 11*g**3 - 122*g**2 - 87*g - 404. Calculate a(12).
-8
Let i(p) = 2*p**2 + 23969*p + 1644336. What is i(-69)?
-3
Let f(b) = 28*b**2 - 1620*b + 8533. Calculate f(52).
5
Let f(b) = 680*b**2 + 1262093*b + 24126. Calculate f(-1856).
-2
Let o(d) = -1723*d - 39616. Calculate o(-23).
13
Let k(d) = 58761*d - 764476. Calculate k(13).
-583
Let o(d) = d**2 - 5080*d - 127630. Calculate o(-25).
-5
Let z(p) = -10*p**3 - 6*p**2 - 62*p - 25. Calculate z(-5).
1385
Let h(o) = 38*o - 9706. Determine h(247).
-320
Let k(f) = f**2 + 11871*f + 496775. What is k(-42)?
-43
Let h(a) = 10*a**2 + 578*a + 572. What is h(-1)?
4
Let r(o) = -212*o + 1172. Determine r(5).
112
Let a(s) = s**2 - 179*s - 6251. Calculate a(-29).
-219
Let h(x) = 7347*x - 595066. Determine h(81).
41
Let r(h) = -4*h**3 + 602*h**2 + 299*h + 1072. Give r(151).
619
Let i(m) = -5*m**2 - 700*m - 13448. Determine i(-23).
7
Let k(j) = j**3 + 3904*j**2 + 19502*j + 9. What is k(-5)?
-26
Let x(w) = -w**3 + 39*w**2 + 192*w - 9837. Give x(37).
5
Let o(q) = -98*q**2 + 1601*q - 896. Calculate o(16).
-368
Let j(d) = -313*d**2 - 46*d + 8. Give j(-2).
-1152
Let y(a) = -11*a**3 + 5*a**2 + 341*a - 1985. Determine y(6).
-2135
Let u(c) = 18*c**3 + 344*c**2 + 1113*c + 74. Give u(-15).
29
Let f(v) = 29*v**2 + 1121*v - 465. What is f(-39)?
-75
Let y(x) = -x**3 - 62*x**2 + 224*x + 1945. Calculate y(-65).
60
Let f(c) = 6*c**3 + 3*c**2 - 3760*c + 7519. What is f(2)?
59
Let d(m) = -m**3 - 1552*m**2 + 25162*m + 116030. Give d(-1568).
-2
Let z(p) = 326*p**2 + 2284*p + 15. Give z(-7).
1
Let c(a) = -a**3 + 55*a**2 - 365*a - 190. Determine c(48).
-1582
Let q(r) = 7*r**3 + 32*r**2 + 62*r + 582. Give q(-9).
-2487
Let a(x) = -3*x**2 + 457*x + 4205. Calculate a(162).
-493
Let a(x) = -16870*x + 33806. Give a(2).
66
Let p(k) = 4197*k - 104936. Determine p(25).
-11
Let o(b) = 3*b**3 + 289*b**2 - 201*b - 665. What is o(-97)?
14
Let v(p) = 2*p**2 + 18908*p + 3284063. What is v(-177)?
5
Let h(o) = 379*o**2 + 80*o - 97. Give h(1).
362
Let y(t) = 109*t**3 - t**2 + 1687*t - 1687. Give y(1).
108
Let i(t) = -t**2 - 31570*t + 94716. Calculate i(3).
-3
Let n(o) = -183*o**2 - 212*o - 6. Give n(-3).
-1017
Let z(c) = 4248*c + 4183. Calculate z(-1).
-65
Let y(p) = -2180*p + 924350. Calculate y(424).
30
Let m(k) = -5*k**2 - 213*k - 46. What is m(-43)?
-132
Let z(x) = -2*x**2 - 51340*x + 256769. Calculate z(5).
19
Let s(q) = -49*q**2 - 4380*q - 1284. Determine s(-89).
407
Let l(m) = -726*m + 45989. What is l(63)?
251
Let u(m) = -2*m**3 + 26*m**2 - 2720*m + 38466. Calculate u(14).
-6
Let q(d) = 2*d**2 - 731*d - 109328. Give q(-114).
-2
Let y(b) = 728*b**2 - 13834*b - 27. Give y(19).
-65
Let x(d) = -226*d + 1169. Give x(4).
265
Let s(x) = -17*x**3 + 13*x**2 - 100*x + 240. Give s(4).
-1040
Let j(h) = 5923*h + 5646. What is j(-1)?
-277
Let u(d) = -d**3 + 36*d**2 + 29*d - 5239. Calculate u(38).
-7025
Let s(g) = 44*g**2 - 74*g - 429. What is s(-6)?
1599
Let h(o) = 134*o + 2137. Determine h(-16).
-7
Let x(t) = -2*t**3 + 164*t**2 - 110*t - 4219. What is x(81)?
-7
Let k(m) = -13727*m + 1551153. Determine k(113).
2
Let p(m) = 612*m - 4582. What is p(7)?
-298
Let x(a) = -1969*a**2 - 3687*a + 8. Calculate x(-2).
-494
Let j(m) = m**2 - 945*m - 271649. Determine j(-231).
7
Let v(t) = -3*t**3 + 72*t**2 + 63*t - 8. Give v(-1).
4
Let z(g) = -1122*g**2 + 5546*g - 6. What is z(5)?
-326
Let b(i) = 49*i - 1161. What is b(10)?
-671
Let u(a) = -a**2 + 794*a + 93089. Determine u(-104).
-303
Let x(c) = -c**3 - 45*c**2 - 207*c - 9662. Calculate x(-45).
-347
Let a(d) = -96*d**2 + 392*d + 1153. Determine a(-3).
-887
Let b(a) = -a**3 - 48*a**2 - 571*a - 496. Determine b(-30).
434
Let p(r) = -48*r + 5184. Give p(117).
-432
Let z(y) = 19*y**3 - y**2 + 23*y + 90. Calculate z(-4).
-1234
Let c(f) = 2*f**2 + 461*f + 22944. What is c(-158)?
34
Let i(a) = -1714*a - 20439. Calculate i(-12).
129
Let o(b) = 42*b**2 + 83*b - 110. Determine o(1).
15
Let u(r) = r**3 - 53*r**2 + 166*r - 985. Calculate u(50).
-185
Let i(z) = -91108*z + 91108. Determine i(1).
0
Let j(i) = -6*i**3 - i**2 - 50073*i - 50073. Determine j(-1).
5
Let c(b) = -b**3 - 17*b**2 + 85*b + 982. Calculate c(-18).
-224
Let v(y) = 5521*y - 9313928. Calculate v(1687).
-1
Let l(x) = -5*x**3 - 32*x**2 - 171*x - 545. Determine l(-6).
409
Let p(c) = 746*c - 49291. Give p(66).
-55
Let k(q) = 2*q**3 - 83*q**2 + 711*q - 27460. Determine k(41).
10
Let m(u) = u**2 - 221437*u + 1328576. Give m(6).
-10
Let k(q) = 19*q**3 + 458*q**2 + 2742*q + 61. Give k(-11).
28
Let m(f) = -61*f**2 + 4655*f - 1455. Calculate m(76).
-11
Let q(d) = d**3 - 51*d**2 + 278*d - 78. What is q(45)?
282
Let h(z) = z**2 - 237*z + 1623. Calculate h(230).
13
Let j(y) = -y**3 + 33*y**2 + 325*y - 13129. What is j(25)?
-4
Let f(t) = -2726*t + 11247. What is f(5)?
-2383
Let h(z) = -1821*z + 739308. Give h(406).
-18
Let l(n) = 14*n**2 - 324*n - 81. Determine l(24).
207
Let u(r) = -48*r**2 + 2043*r - 406. Determine u(41).
2669
Let v(u) = u**2 + 243*u + 9327. Determine v(-49).
-179
Let c(s) = 36749*s - 2756187. Calculate c(75).
-12
Let g(o) = 77635*o + 388172. What is g(-5)?
-3
Let k(q) = -245*q**2 - 1944*q - 30. What is k(-8)?
-158
Let r(o) = 4817*o - 775. Determine r(0).
-775
Let i(d) = -545*d + 3616. What is i(11)?
-2379
Let n(l) = 125*l**3 - 5*l**2 + 32*l + 76. Calculate n(-2).
-1008
Let u(g) = g**3 + 296*g**2 - 328*g - 9081. What is u(-297)?
126
Let o(u) = 3*u**3 + 49*u**2 + 95*u - 824. Give o(-13).
-369
Let u(h) = 1046*h + 77411. What is u(-74)?
7
Let l(m) = 76*m**2 - 27357*m - 1120. Give l(360).
-40
Let i(y) = y**2 - 1073*y + 38329. Give i(37).
-3
Let a(t) = -t**3 - 10*t**2 - 25*t - 194. Calculate a(-10).
56
Let n(o) = -o**3 - 52*o**2 + 10139*o + 8. What is n(78)?
-70
Let h(g) = -4*g**2 - 226*g + 8453. What is h(-82)?
89
Let s(g) = 358*g**2 - 2*g + 2. What is s(1)?
358
Let a(z) = z**3 + 23*z**2 + 233*z + 1430. Calculate a(-14).
-68
Let t(f) = f**3 + 16*f**2 + 287*f + 2319. What is t(-10)?
49
Let r(c) = -41290*c - 206458. What is r(-5)?
-8
Let t(j) = -43*j**2 - 990*j - 5061. What is t(-5)?
-1186
Let x(t) = -36*t**3 - 7*t**2 - 234*t - 1170. Calcu